{"id":1177,"date":"2021-05-12T02:31:36","date_gmt":"2021-05-12T02:31:36","guid":{"rendered":"https:\/\/www.pete.com.br\/site\/?page_id=1177"},"modified":"2024-09-17T16:27:48","modified_gmt":"2024-09-17T19:27:48","slug":"quem-somos","status":"publish","type":"page","link":"https:\/\/www.pete.com.br\/site\/quem-somos\/","title":{"rendered":"Quem Somos"},"content":{"rendered":"\t\t<div data-elementor-type=\"wp-page\" data-elementor-id=\"1177\" class=\"elementor elementor-1177\">\n\t\t\t\t\t\t<section class=\"elementor-section elementor-top-section elementor-element elementor-element-fd5e0c7 elementor-section-boxed elementor-section-height-default elementor-section-height-default\" data-id=\"fd5e0c7\" data-element_type=\"section\" data-e-type=\"section\" data-settings=\"{&quot;background_background&quot;:&quot;classic&quot;}\">\n\t\t\t\t\t\t<div class=\"elementor-container elementor-column-gap-no\">\n\t\t\t\t\t<div class=\"elementor-column elementor-col-100 elementor-top-column elementor-element elementor-element-1ea8ce0\" data-id=\"1ea8ce0\" data-element_type=\"column\" data-e-type=\"column\">\n\t\t\t<div class=\"elementor-widget-wrap elementor-element-populated\">\n\t\t\t\t\t\t<div class=\"elementor-element elementor-element-04341a0 elementor-widget elementor-widget-heading\" data-id=\"04341a0\" data-element_type=\"widget\" data-e-type=\"widget\" data-widget_type=\"heading.default\">\n\t\t\t\t<div class=\"elementor-widget-container\">\n\t\t\t\t\t<h1 class=\"elementor-heading-title elementor-size-default\">Quem Somos<\/h1>\t\t\t\t<\/div>\n\t\t\t\t<\/div>\n\t\t\t\t\t<\/div>\n\t\t<\/div>\n\t\t\t\t\t<\/div>\n\t\t<\/section>\n\t\t\t\t<section class=\"elementor-section elementor-top-section elementor-element elementor-element-51c8cfbb elementor-section-content-middle elementor-section-boxed elementor-section-height-default elementor-section-height-default\" data-id=\"51c8cfbb\" data-element_type=\"section\" data-e-type=\"section\">\n\t\t\t\t\t\t<div class=\"elementor-container elementor-column-gap-no\">\n\t\t\t\t\t<div class=\"elementor-column elementor-col-100 elementor-top-column elementor-element elementor-element-71354a31\" data-id=\"71354a31\" data-element_type=\"column\" data-e-type=\"column\">\n\t\t\t<div class=\"elementor-widget-wrap elementor-element-populated\">\n\t\t\t\t\t\t<div class=\"elementor-element elementor-element-2b8e951 elementor-widget elementor-widget-image\" data-id=\"2b8e951\" data-element_type=\"widget\" data-e-type=\"widget\" data-widget_type=\"image.default\">\n\t\t\t\t<div class=\"elementor-widget-container\">\n\t\t\t\t\t\t\t\t\t\t\t\t\t\t\t<img fetchpriority=\"high\" decoding=\"async\" width=\"848\" height=\"395\" src=\"https:\/\/www.pete.com.br\/site\/wp-content\/uploads\/2021\/05\/portal20150611_1-848x395-1.jpg\" class=\"attachment-full size-full wp-image-1316\" alt=\"\" srcset=\"https:\/\/www.pete.com.br\/site\/wp-content\/uploads\/2021\/05\/portal20150611_1-848x395-1.jpg 848w, https:\/\/www.pete.com.br\/site\/wp-content\/uploads\/2021\/05\/portal20150611_1-848x395-1-300x140.jpg 300w, https:\/\/www.pete.com.br\/site\/wp-content\/uploads\/2021\/05\/portal20150611_1-848x395-1-768x358.jpg 768w\" sizes=\"(max-width: 848px) 100vw, 848px\" \/>\t\t\t\t\t\t\t\t\t\t\t\t\t\t\t<\/div>\n\t\t\t\t<\/div>\n\t\t\t\t<section class=\"elementor-section elementor-inner-section elementor-element elementor-element-54a13cd6 elementor-section-boxed elementor-section-height-default elementor-section-height-default\" data-id=\"54a13cd6\" data-element_type=\"section\" data-e-type=\"section\">\n\t\t\t\t\t\t<div class=\"elementor-container elementor-column-gap-default\">\n\t\t\t\t\t<div class=\"elementor-column elementor-col-100 elementor-inner-column elementor-element elementor-element-23d6595f\" data-id=\"23d6595f\" data-element_type=\"column\" data-e-type=\"column\">\n\t\t\t<div class=\"elementor-widget-wrap elementor-element-populated\">\n\t\t\t\t\t\t<div class=\"elementor-element elementor-element-1ce1076 elementor-widget elementor-widget-text-editor\" data-id=\"1ce1076\" data-element_type=\"widget\" data-e-type=\"widget\" data-widget_type=\"text-editor.default\">\n\t\t\t\t<div class=\"elementor-widget-container\">\n\t\t\t\t\t\t\t\t\t<p style=\"text-align: justify;\">Sediada na Capital Nacional da Tecnologia \u2013 S\u00e3o Carlos\/SP, a PETE est\u00e1 h\u00e1 mais de 19 anos no mercado desenvolvendo solu\u00e7\u00f5es inovadoras para os desafios contempor\u00e2neos da educa\u00e7\u00e3o.<\/p><p style=\"text-align: justify;\">A PETE destaca-se por ser a maior fabricante nacional de Kits de Rob\u00f3tica Educacional. Al\u00e9m de produzir Kits diferenciados e que permitem explorar a aprendizagem criativa, a linguagem de programa\u00e7\u00e3o utilizada pela PETE \u00e9 simples, e em poucos minutos os usu\u00e1rios j\u00e1 est\u00e3o programando seus kits. Outros benef\u00edcios para os usu\u00e1rios s\u00e3o: valor do Kit mais acess\u00edvel do que as vers\u00f5es importadas e suporte t\u00e9cnico e manuten\u00e7\u00e3o oferecidos pela empresa.<\/p><p style=\"text-align: justify;\">A PETE \u00e9 a \u00fanica empresa fabricante de kits de rob\u00f3tica que possui um Projeto de Educa\u00e7\u00e3o Tecnol\u00f3gica recomendado pelo \u201cGuia de Tecnologias Educacionais\u201d do Minist\u00e9rio da Educa\u00e7\u00e3o e utilizado por mais de 200 mil alunos da Educa\u00e7\u00e3o B\u00e1sica, em mais de 500 escolas p\u00fablicas e privadas do pa\u00eds e em alguns pa\u00edses como Estados Unidos, Col\u00f4mbia e Angola.<\/p><p style=\"text-align: justify;\">Com amplo conhecimento sobre a realidade das escolas, tanto p\u00fablicas como privadas, a PETE vem desenvolvendo produtos e servi\u00e7os cada dia mais alinhados com a demanda desta nova era digital.<\/p><p style=\"text-align: justify;\">Al\u00e9m de atender \u00e0s escolas, agora a PETE tamb\u00e9m atende o consumidor final: Crian\u00e7as, jovens e adultos podem adquirir seu Kit e aproveitar todos os benef\u00edcios da rob\u00f3tica em casa!9<\/p>\t\t\t\t\t\t\t\t<\/div>\n\t\t\t\t<\/div>\n\t\t\t\t\t<\/div>\n\t\t<\/div>\n\t\t\t\t\t<\/div>\n\t\t<\/section>\n\t\t\t\t\t<\/div>\n\t\t<\/div>\n\t\t\t\t\t<\/div>\n\t\t<\/section>\n\t\t\t\t<section class=\"elementor-section elementor-top-section elementor-element elementor-element-c6c7dfe elementor-section-content-middle elementor-section-boxed elementor-section-height-default elementor-section-height-default\" data-id=\"c6c7dfe\" data-element_type=\"section\" data-e-type=\"section\" data-settings=\"{&quot;background_background&quot;:&quot;classic&quot;,&quot;shape_divider_top&quot;:&quot;clouds&quot;,&quot;shape_divider_bottom&quot;:&quot;clouds&quot;}\">\n\t\t\t\t\t\t\t<div class=\"elementor-background-overlay\"><\/div>\n\t\t\t\t\t\t<div class=\"elementor-shape elementor-shape-top\" aria-hidden=\"true\" data-negative=\"false\">\n\t\t\t<svg xmlns=\"http:\/\/www.w3.org\/2000\/svg\" viewBox=\"0 0 283.5 27.8\" preserveAspectRatio=\"xMidYMax slice\">\n  <path class=\"elementor-shape-fill\" d=\"M0 0v6.7c1.9-.8 4.7-1.4 8.5-1 9.5 1.1 11.1 6 11.1 6s2.1-.7 4.3-.2c2.1.5 2.8 2.6 2.8 2.6s.2-.5 1.4-.7c1.2-.2 1.7.2 1.7.2s0-2.1 1.9-2.8c1.9-.7 3.6.7 3.6.7s.7-2.9 3.1-4.1 4.7 0 4.7 0 1.2-.5 2.4 0 1.7 1.4 1.7 1.4h1.4c.7 0 1.2.7 1.2.7s.8-1.8 4-2.2c3.5-.4 5.3 2.4 6.2 4.4.4-.4 1-.7 1.8-.9 2.8-.7 4 .7 4 .7s1.7-5 11.1-6c9.5-1.1 12.3 3.9 12.3 3.9s1.2-4.8 5.7-5.7c4.5-.9 6.8 1.8 6.8 1.8s.6-.6 1.5-.9c.9-.2 1.9-.2 1.9-.2s5.2-6.4 12.6-3.3c7.3 3.1 4.7 9 4.7 9s1.9-.9 4 0 2.8 2.4 2.8 2.4 1.9-1.2 4.5-1.2 4.3 1.2 4.3 1.2.2-1 1.4-1.7 2.1-.7 2.1-.7-.5-3.1 2.1-5.5 5.7-1.4 5.7-1.4 1.5-2.3 4.2-1.1c2.7 1.2 1.7 5.2 1.7 5.2s.3-.1 1.3.5c.5.4.8.8.9 1.1.5-1.4 2.4-5.8 8.4-4 7.1 2.1 3.5 8.9 3.5 8.9s.8-.4 2 0 1.1 1.1 1.1 1.1 1.1-1.1 2.3-1.1 2.1.5 2.1.5 1.9-3.6 6.2-1.2 1.9 6.4 1.9 6.4 2.6-2.4 7.4 0c3.4 1.7 3.9 4.9 3.9 4.9s3.3-6.9 10.4-7.9 11.5 2.6 11.5 2.6.8 0 1.2.2c.4.2.9.9.9.9s4.4-3.1 8.3.2c1.9 1.7 1.5 5 1.5 5s.3-1.1 1.6-1.4c1.3-.3 2.3.2 2.3.2s-.1-1.2.5-1.9 1.9-.9 1.9-.9-4.7-9.3 4.4-13.4c5.6-2.5 9.2.9 9.2.9s5-6.2 15.9-6.2 16.1 8.1 16.1 8.1.7-.2 1.6-.4V0H0z\"\/>\n<\/svg>\n\t\t<\/div>\n\t\t\t\t<div class=\"elementor-shape elementor-shape-bottom\" aria-hidden=\"true\" data-negative=\"false\">\n\t\t\t<svg xmlns=\"http:\/\/www.w3.org\/2000\/svg\" viewBox=\"0 0 283.5 27.8\" preserveAspectRatio=\"xMidYMax slice\">\n  <path class=\"elementor-shape-fill\" d=\"M0 0v6.7c1.9-.8 4.7-1.4 8.5-1 9.5 1.1 11.1 6 11.1 6s2.1-.7 4.3-.2c2.1.5 2.8 2.6 2.8 2.6s.2-.5 1.4-.7c1.2-.2 1.7.2 1.7.2s0-2.1 1.9-2.8c1.9-.7 3.6.7 3.6.7s.7-2.9 3.1-4.1 4.7 0 4.7 0 1.2-.5 2.4 0 1.7 1.4 1.7 1.4h1.4c.7 0 1.2.7 1.2.7s.8-1.8 4-2.2c3.5-.4 5.3 2.4 6.2 4.4.4-.4 1-.7 1.8-.9 2.8-.7 4 .7 4 .7s1.7-5 11.1-6c9.5-1.1 12.3 3.9 12.3 3.9s1.2-4.8 5.7-5.7c4.5-.9 6.8 1.8 6.8 1.8s.6-.6 1.5-.9c.9-.2 1.9-.2 1.9-.2s5.2-6.4 12.6-3.3c7.3 3.1 4.7 9 4.7 9s1.9-.9 4 0 2.8 2.4 2.8 2.4 1.9-1.2 4.5-1.2 4.3 1.2 4.3 1.2.2-1 1.4-1.7 2.1-.7 2.1-.7-.5-3.1 2.1-5.5 5.7-1.4 5.7-1.4 1.5-2.3 4.2-1.1c2.7 1.2 1.7 5.2 1.7 5.2s.3-.1 1.3.5c.5.4.8.8.9 1.1.5-1.4 2.4-5.8 8.4-4 7.1 2.1 3.5 8.9 3.5 8.9s.8-.4 2 0 1.1 1.1 1.1 1.1 1.1-1.1 2.3-1.1 2.1.5 2.1.5 1.9-3.6 6.2-1.2 1.9 6.4 1.9 6.4 2.6-2.4 7.4 0c3.4 1.7 3.9 4.9 3.9 4.9s3.3-6.9 10.4-7.9 11.5 2.6 11.5 2.6.8 0 1.2.2c.4.2.9.9.9.9s4.4-3.1 8.3.2c1.9 1.7 1.5 5 1.5 5s.3-1.1 1.6-1.4c1.3-.3 2.3.2 2.3.2s-.1-1.2.5-1.9 1.9-.9 1.9-.9-4.7-9.3 4.4-13.4c5.6-2.5 9.2.9 9.2.9s5-6.2 15.9-6.2 16.1 8.1 16.1 8.1.7-.2 1.6-.4V0H0z\"\/>\n<\/svg>\n\t\t<\/div>\n\t\t\t\t\t<div class=\"elementor-container elementor-column-gap-no\">\n\t\t\t\t\t<div class=\"elementor-column elementor-col-50 elementor-top-column elementor-element elementor-element-44e20f8\" data-id=\"44e20f8\" data-element_type=\"column\" data-e-type=\"column\">\n\t\t\t<div class=\"elementor-widget-wrap elementor-element-populated\">\n\t\t\t\t\t\t<div class=\"elementor-element elementor-element-45a25db elementor-widget elementor-widget-heading\" data-id=\"45a25db\" data-element_type=\"widget\" data-e-type=\"widget\" data-widget_type=\"heading.default\">\n\t\t\t\t<div class=\"elementor-widget-container\">\n\t\t\t\t\t<h2 class=\"elementor-heading-title elementor-size-default\">Hist\u00f3ria<\/h2>\t\t\t\t<\/div>\n\t\t\t\t<\/div>\n\t\t\t\t<div class=\"elementor-element elementor-element-5d52bcb elementor-widget elementor-widget-text-editor\" data-id=\"5d52bcb\" data-element_type=\"widget\" data-e-type=\"widget\" data-widget_type=\"text-editor.default\">\n\t\t\t\t<div class=\"elementor-widget-container\">\n\t\t\t\t\t\t\t\t\t<p style=\"text-align: justify;\">A hist\u00f3ria da\u00a0PETE\u00a0come\u00e7a em 2004, ap\u00f3s uma competi\u00e7\u00e3o de rob\u00f4s em Salvador, na Bahia. Marcello Duarte e Jos\u00e9 Pacheco* eram, naquela \u00e9poca, professores universit\u00e1rios e tinham participado de um Congresso da Sociedade Brasileira de Computa\u00e7\u00e3o, ficando em segundo lugar na disputa. Dali em diante, eles come\u00e7aram trilhar uma nova hist\u00f3ria, criando uma empresa para produzir Kits de Rob\u00f3tica.<\/p>\t\t\t\t\t\t\t\t<\/div>\n\t\t\t\t<\/div>\n\t\t\t\t<div class=\"elementor-element elementor-element-868a740 elementor-arrows-position-inside elementor-pagination-position-outside elementor-widget elementor-widget-image-carousel\" data-id=\"868a740\" data-element_type=\"widget\" data-e-type=\"widget\" data-settings=\"{&quot;slides_to_show&quot;:&quot;1&quot;,&quot;pause_on_interaction&quot;:&quot;no&quot;,&quot;_animation&quot;:&quot;none&quot;,&quot;navigation&quot;:&quot;both&quot;,&quot;autoplay&quot;:&quot;yes&quot;,&quot;pause_on_hover&quot;:&quot;yes&quot;,&quot;autoplay_speed&quot;:5000,&quot;infinite&quot;:&quot;yes&quot;,&quot;effect&quot;:&quot;slide&quot;,&quot;speed&quot;:500}\" data-widget_type=\"image-carousel.default\">\n\t\t\t\t<div class=\"elementor-widget-container\">\n\t\t\t\t\t\t\t<div class=\"elementor-image-carousel-wrapper swiper\" role=\"region\" aria-roledescription=\"carousel\" aria-label=\"Carrossel de imagens\" dir=\"ltr\">\n\t\t\t<div class=\"elementor-image-carousel swiper-wrapper\" aria-live=\"off\">\n\t\t\t\t\t\t\t\t<div class=\"swiper-slide\" role=\"group\" aria-roledescription=\"slide\" aria-label=\"1 de 2\"><figure class=\"swiper-slide-inner\"><img decoding=\"async\" class=\"swiper-slide-image\" src=\"https:\/\/www.pete.com.br\/site\/wp-content\/uploads\/elementor\/thumbs\/IMG_8197-p732p0q3ulbyai3zxeuw80wnjq38dy2fuzrn0zb45u.jpg\" alt=\"IMG_8197\" \/><\/figure><\/div><div class=\"swiper-slide\" role=\"group\" aria-roledescription=\"slide\" aria-label=\"2 de 2\"><figure class=\"swiper-slide-inner\"><img decoding=\"async\" class=\"swiper-slide-image\" src=\"https:\/\/www.pete.com.br\/site\/wp-content\/uploads\/elementor\/thumbs\/IMG_8186-p732p6d4zljo85vt0hanmzhf41bfo4otvrojwn2r4i.jpg\" alt=\"IMG_8186\" \/><\/figure><\/div>\t\t\t<\/div>\n\t\t\t\t\t\t\t\t\t\t\t\t<div class=\"elementor-swiper-button elementor-swiper-button-prev\" role=\"button\" tabindex=\"0\">\n\t\t\t\t\t\t<i aria-hidden=\"true\" class=\"eicon-chevron-left\"><\/i>\t\t\t\t\t<\/div>\n\t\t\t\t\t<div class=\"elementor-swiper-button elementor-swiper-button-next\" role=\"button\" tabindex=\"0\">\n\t\t\t\t\t\t<i aria-hidden=\"true\" class=\"eicon-chevron-right\"><\/i>\t\t\t\t\t<\/div>\n\t\t\t\t\n\t\t\t\t\t\t\t\t\t<div class=\"swiper-pagination\"><\/div>\n\t\t\t\t\t\t\t\t\t<\/div>\n\t\t\t\t\t\t<\/div>\n\t\t\t\t<\/div>\n\t\t\t\t\t<\/div>\n\t\t<\/div>\n\t\t\t\t<div class=\"elementor-column elementor-col-50 elementor-top-column elementor-element elementor-element-456702ed\" data-id=\"456702ed\" data-element_type=\"column\" data-e-type=\"column\">\n\t\t\t<div class=\"elementor-widget-wrap elementor-element-populated\">\n\t\t\t\t\t\t<div class=\"elementor-element elementor-element-9a249b6 elementor-widget elementor-widget-text-editor\" data-id=\"9a249b6\" data-element_type=\"widget\" data-e-type=\"widget\" data-widget_type=\"text-editor.default\">\n\t\t\t\t<div class=\"elementor-widget-container\">\n\t\t\t\t\t\t\t\t\t<p style=\"text-align: justify;\">A empresa levou para o Congresso na Bahia o rob\u00f4 Montezuma, que chegou em segundo lugar, atr\u00e1s de uma equipe da Universidade Federal do Rio Grande do Norte (UFRN). Os rob\u00f4s, programados para comportamento aut\u00f4nomo e constru\u00eddos pelas diversas equipes inscritas na disputa, deveriam ser capazes de subir uma rampa branca com 25 cent\u00edmetros de largura, formada por retas e curvas protegidas por paredes pretas, que levava ao topo de uma pir\u00e2mide quadrangular com 1,60 metros de altura. L\u00e1 no alto, as m\u00e1quinas tinham que encaixar uma bolinha de golfe em um buraco com apenas 10 cent\u00edmetros de di\u00e2metro. A tarefa deveria ser realizada em no m\u00e1ximo dez minutos. O Montezuma era movido por sensores \u00f3pticos, sonares, que emitem ultrassom, e de posi\u00e7\u00e3o, que lhe permitiam corrigir a rota quando batia nas paredes, realizar curvas precisas e n\u00e3o cair da pir\u00e2mide. Ele lembrava a locomotiva de um trem (sem a chamin\u00e9 e com muitos fios \u00e0 vista) e acabou se destacando: na primeira etapa da competi\u00e7\u00e3o foi o \u00fanico rob\u00f4 a cumprir a prova. \u201cEra muito eficiente, sempre conseguia enca\u00e7apar a bolinha\u201d, recorda Pacheco. \u201cMas n\u00e3o tinha muita velocidade e fez o percurso em um tempo maior que o rob\u00f4 da outra equipe, na etapa de desempate\u201d, lembra Duarte.<\/p>\t\t\t\t\t\t\t\t<\/div>\n\t\t\t\t<\/div>\n\t\t\t\t\t<\/div>\n\t\t<\/div>\n\t\t\t\t\t<\/div>\n\t\t<\/section>\n\t\t\t\t<section class=\"elementor-section elementor-top-section elementor-element elementor-element-92d281d elementor-section-boxed elementor-section-height-default elementor-section-height-default\" data-id=\"92d281d\" data-element_type=\"section\" data-e-type=\"section\">\n\t\t\t\t\t\t<div class=\"elementor-container elementor-column-gap-default\">\n\t\t\t\t\t<div class=\"elementor-column elementor-col-50 elementor-top-column elementor-element elementor-element-31c0785\" data-id=\"31c0785\" data-element_type=\"column\" data-e-type=\"column\">\n\t\t\t<div class=\"elementor-widget-wrap elementor-element-populated\">\n\t\t\t\t\t\t<div class=\"elementor-element elementor-element-4a49f1d elementor-widget elementor-widget-text-editor\" data-id=\"4a49f1d\" data-element_type=\"widget\" data-e-type=\"widget\" data-widget_type=\"text-editor.default\">\n\t\t\t\t<div class=\"elementor-widget-container\">\n\t\t\t\t\t\t\t\t\t<p style=\"text-align: justify;\">\u201cA inten\u00e7\u00e3o era combinar a tecnologia com um consistente vi\u00e9s pedag\u00f3gico e aproveitar os rob\u00f4s para ensinar crian\u00e7as a partir de 6 anos de forma l\u00fadica e divertida\u201d, lembra Jos\u00e9 Pacheco.<\/p><p style=\"text-align: justify;\">Em 2005, a PETE passou a fabricar e comercializar o\u00a0Kit ALPHA\u00a0(conjunto que oferece uma s\u00e9rie de materiais necess\u00e1rios para a montagem de rob\u00f4s em v\u00e1rios formatos, fun\u00e7\u00f5es e tamanhos variados) e depositou junto ao\u00a0Instituto Nacional de Propriedade Intelectual (INPI)\u00a0o pedido de patente No PI 0501539-1 A.<\/p><p style=\"text-align: justify;\">Em 2007 o Kit inovador foi usado por 12 mil alunos, nas cidades de S\u00e3o Paulo, S\u00e3o Carlos, Bauru, Lins, Sert\u00e3ozinho, Ribeir\u00e3o Preto, Limeira e Jundia\u00ed, Jo\u00e3o Pessoa (Para\u00edba) e Londrina (Paran\u00e1), atendendo a rede p\u00fablica e particular.<\/p>\t\t\t\t\t\t\t\t<\/div>\n\t\t\t\t<\/div>\n\t\t\t\t<div class=\"elementor-element elementor-element-026e23b elementor-arrows-position-inside elementor-pagination-position-outside elementor-widget elementor-widget-image-carousel\" data-id=\"026e23b\" data-element_type=\"widget\" data-e-type=\"widget\" data-settings=\"{&quot;slides_to_show&quot;:&quot;1&quot;,&quot;pause_on_interaction&quot;:&quot;no&quot;,&quot;_animation&quot;:&quot;none&quot;,&quot;navigation&quot;:&quot;both&quot;,&quot;autoplay&quot;:&quot;yes&quot;,&quot;pause_on_hover&quot;:&quot;yes&quot;,&quot;autoplay_speed&quot;:5000,&quot;infinite&quot;:&quot;yes&quot;,&quot;effect&quot;:&quot;slide&quot;,&quot;speed&quot;:500}\" data-widget_type=\"image-carousel.default\">\n\t\t\t\t<div class=\"elementor-widget-container\">\n\t\t\t\t\t\t\t<div class=\"elementor-image-carousel-wrapper swiper\" role=\"region\" aria-roledescription=\"carousel\" aria-label=\"Carrossel de imagens\" dir=\"ltr\">\n\t\t\t<div class=\"elementor-image-carousel swiper-wrapper\" aria-live=\"off\">\n\t\t\t\t\t\t\t\t<div class=\"swiper-slide\" role=\"group\" aria-roledescription=\"slide\" aria-label=\"1 de 2\"><figure class=\"swiper-slide-inner\"><img decoding=\"async\" class=\"swiper-slide-image\" src=\"https:\/\/www.pete.com.br\/site\/wp-content\/uploads\/elementor\/thumbs\/IMG_8139-p732txfrjg1ux6zb9j8r8sbb85w8l1jz7aex9013o2.jpg\" alt=\"IMG_8139\" \/><\/figure><\/div><div class=\"swiper-slide\" role=\"group\" aria-roledescription=\"slide\" aria-label=\"2 de 2\"><figure class=\"swiper-slide-inner\"><img decoding=\"async\" class=\"swiper-slide-image\" src=\"https:\/\/www.pete.com.br\/site\/wp-content\/uploads\/elementor\/thumbs\/legal-p732tzbfx44fkewkyk20dru8exmz0frfvjpw7jybbm.jpg\" alt=\"legal\" \/><\/figure><\/div>\t\t\t<\/div>\n\t\t\t\t\t\t\t\t\t\t\t\t<div class=\"elementor-swiper-button elementor-swiper-button-prev\" role=\"button\" tabindex=\"0\">\n\t\t\t\t\t\t<i aria-hidden=\"true\" class=\"eicon-chevron-left\"><\/i>\t\t\t\t\t<\/div>\n\t\t\t\t\t<div class=\"elementor-swiper-button elementor-swiper-button-next\" role=\"button\" tabindex=\"0\">\n\t\t\t\t\t\t<i aria-hidden=\"true\" class=\"eicon-chevron-right\"><\/i>\t\t\t\t\t<\/div>\n\t\t\t\t\n\t\t\t\t\t\t\t\t\t<div class=\"swiper-pagination\"><\/div>\n\t\t\t\t\t\t\t\t\t<\/div>\n\t\t\t\t\t\t<\/div>\n\t\t\t\t<\/div>\n\t\t\t\t\t<\/div>\n\t\t<\/div>\n\t\t\t\t<div class=\"elementor-column elementor-col-50 elementor-top-column elementor-element elementor-element-c1a4491\" data-id=\"c1a4491\" data-element_type=\"column\" data-e-type=\"column\">\n\t\t\t<div class=\"elementor-widget-wrap elementor-element-populated\">\n\t\t\t\t\t\t<div class=\"elementor-element elementor-element-0572318 elementor-widget elementor-widget-text-editor\" data-id=\"0572318\" data-element_type=\"widget\" data-e-type=\"widget\" data-widget_type=\"text-editor.default\">\n\t\t\t\t<div class=\"elementor-widget-container\">\n\t\t\t\t\t\t\t\t\t<p style=\"text-align: justify;\">Ainda no final do ano de 2007, o Projeto de Alfabetiza\u00e7\u00e3o Tecnol\u00f3gica da PETE , que utiliza o Kit ALPHA, foi escolhido um dos 20 projetos do pa\u00eds, dos 239 apresentados, selecionados e certificados pelo Minist\u00e9rio da Educa\u00e7\u00e3o (MEC) na \u00e1rea de Tecnologias Educacionais \u2013 uma esp\u00e9cie de selo de qualidade do segmento. Foi uma grande conquista para a empresa.<\/p><p style=\"text-align: justify;\">Desde o surgimento das empresas at\u00e9 julho de 2007 a PETE ficou incubada no\u00a0Centro Incubador de Empresas Tecnol\u00f3gicas (Cinet)\u00a0da\u00a0Funda\u00e7\u00e3o Parque de Alta Tecnologia de S\u00e3o Carlos\u00a0(Parqtec).<\/p><p style=\"text-align: justify;\">Neste per\u00edodo, al\u00e9m de fazer contatos e aprender aspectos de gest\u00e3o, produ\u00e7\u00e3o e administra\u00e7\u00e3o, os empres\u00e1rios aprenderam uma primeira \u2013 e grande \u2013 li\u00e7\u00e3o: nunca subestimar as crian\u00e7as. \u201cElas aprendem com muita rapidez; al\u00e9m disso, os computadores fazem parte do cotidiano delas\u201d, conta Jos\u00e9 Pacheco, lembrando que um desafio que imaginavam demorar 4 horas foi completado pelas crian\u00e7as por 45 minutos!<\/p><p style=\"text-align: justify;\">Ap\u00f3s a enriquecedora experi\u00eancia no Parqtec, a PETE mudou para um escrit\u00f3rio pr\u00f3prio, o que possibilitou abrir novas portas e conquistar outros clientes. Desde ent\u00e3o, a empresa vem aprimorando os Kits e os projetos de tecnologia na educa\u00e7\u00e3o. Hoje, o Kit ALPHA e o Software LEGAL j\u00e1 est\u00e3o na quarta gera\u00e7\u00e3o, foram incrementados com uma s\u00e9rie de recursos para facilitar ainda mais o uso em sala de aula para que professores n\u00e3o precisem se preocupar tanto com a tecnologia em si, podendo, assim, dar mais aten\u00e7\u00e3o a sua pr\u00e1tica pedag\u00f3gica.<\/p>\t\t\t\t\t\t\t\t<\/div>\n\t\t\t\t<\/div>\n\t\t\t\t\t<\/div>\n\t\t<\/div>\n\t\t\t\t\t<\/div>\n\t\t<\/section>\n\t\t\t\t<\/div>\n\t\t","protected":false},"excerpt":{"rendered":"<p>Quem Somos Sediada na Capital Nacional da Tecnologia \u2013 S\u00e3o Carlos\/SP, a PETE est\u00e1 h\u00e1 mais de 19 anos no mercado desenvolvendo solu\u00e7\u00f5es inovadoras para os desafios contempor\u00e2neos da educa\u00e7\u00e3o. A PETE destaca-se por ser a maior fabricante nacional de Kits de Rob\u00f3tica Educacional. Al\u00e9m de produzir Kits diferenciados e que permitem explorar a aprendizagem [&hellip;]<\/p>\n","protected":false},"author":1,"featured_media":0,"parent":0,"menu_order":0,"comment_status":"closed","ping_status":"closed","template":"","meta":{"site-sidebar-layout":"no-sidebar","site-content-layout":"page-builder","ast-site-content-layout":"default","site-content-style":"default","site-sidebar-style":"default","ast-global-header-display":"","ast-banner-title-visibility":"","ast-main-header-display":"","ast-hfb-above-header-display":"","ast-hfb-below-header-display":"","ast-hfb-mobile-header-display":"","site-post-title":"disabled","ast-breadcrumbs-content":"","ast-featured-img":"disabled","footer-sml-layout":"","ast-disable-related-posts":"","theme-transparent-header-meta":"enabled","adv-header-id-meta":"","stick-header-meta":"","header-above-stick-meta":"","header-main-stick-meta":"","header-below-stick-meta":"","astra-migrate-meta-layouts":"default","ast-page-background-enabled":"default","ast-page-background-meta":{"desktop":{"background-color":"","background-image":"","background-repeat":"repeat","background-position":"center center","background-size":"auto","background-attachment":"scroll","background-type":"","background-media":"","overlay-type":"","overlay-color":"","overlay-opacity":"","overlay-gradient":""},"tablet":{"background-color":"","background-image":"","background-repeat":"repeat","background-position":"center center","background-size":"auto","background-attachment":"scroll","background-type":"","background-media":"","overlay-type":"","overlay-color":"","overlay-opacity":"","overlay-gradient":""},"mobile":{"background-color":"","background-image":"","background-repeat":"repeat","background-position":"center center","background-size":"auto","background-attachment":"scroll","background-type":"","background-media":"","overlay-type":"","overlay-color":"","overlay-opacity":"","overlay-gradient":""}},"ast-content-background-meta":{"desktop":{"background-color":"var(--ast-global-color-5)","background-image":"","background-repeat":"repeat","background-position":"center center","background-size":"auto","background-attachment":"scroll","background-type":"","background-media":"","overlay-type":"","overlay-color":"","overlay-opacity":"","overlay-gradient":""},"tablet":{"background-color":"var(--ast-global-color-5)","background-image":"","background-repeat":"repeat","background-position":"center center","background-size":"auto","background-attachment":"scroll","background-type":"","background-media":"","overlay-type":"","overlay-color":"","overlay-opacity":"","overlay-gradient":""},"mobile":{"background-color":"var(--ast-global-color-5)","background-image":"","background-repeat":"repeat","background-position":"center center","background-size":"auto","background-attachment":"scroll","background-type":"","background-media":"","overlay-type":"","overlay-color":"","overlay-opacity":"","overlay-gradient":""}},"footnotes":""},"class_list":["post-1177","page","type-page","status-publish","hentry"],"_links":{"self":[{"href":"https:\/\/www.pete.com.br\/site\/wp-json\/wp\/v2\/pages\/1177","targetHints":{"allow":["GET"]}}],"collection":[{"href":"https:\/\/www.pete.com.br\/site\/wp-json\/wp\/v2\/pages"}],"about":[{"href":"https:\/\/www.pete.com.br\/site\/wp-json\/wp\/v2\/types\/page"}],"author":[{"embeddable":true,"href":"https:\/\/www.pete.com.br\/site\/wp-json\/wp\/v2\/users\/1"}],"replies":[{"embeddable":true,"href":"https:\/\/www.pete.com.br\/site\/wp-json\/wp\/v2\/comments?post=1177"}],"version-history":[{"count":124,"href":"https:\/\/www.pete.com.br\/site\/wp-json\/wp\/v2\/pages\/1177\/revisions"}],"predecessor-version":[{"id":3157,"href":"https:\/\/www.pete.com.br\/site\/wp-json\/wp\/v2\/pages\/1177\/revisions\/3157"}],"wp:attachment":[{"href":"https:\/\/www.pete.com.br\/site\/wp-json\/wp\/v2\/media?parent=1177"}],"curies":[{"name":"wp","href":"https:\/\/api.w.org\/{rel}","templated":true}]}}